*c + 107. Suppose -103 = 5*j + x. Let b = -17 - j. List the prime factors of b.
2, 7
List the prime factors of (-4 + 1)/((-55)/60885).
3, 41
Let n(h) = -h**3 + 3*h - 3*h**3 + 2*h**2 + 12 + h**3 + 2*h**3. List the prime factors of n(-5).
2, 43
Suppose -4278 = -2*y - 2*r, 4*y + 29*r - 28*r = 8568. What are the prime factors of y?
2143
Suppose 0 = -3*t - 3*k + 663, -5*t = -2*t - 3*k - 675. What are the prime factors of t?
223
Suppose 0 = -27*f + 20853 - 5355. List the prime factors of f.
2, 7, 41
Suppose -3*i + 683 = -w - 464, -2*i + 759 = 5*w. List the prime factors of i.
2, 191
Suppose -19*y = -12*y - 5957. List the prime factors of y.
23, 37
Suppose -2*m + 3*m + 38 = 0. Let h = 188 + -132. Let z = m + h. What are the prime factors of z?
2, 3
Suppose -5*b + 3*p - p - 110 = 0, 5*b - p = -105. List the prime factors of (-32)/(2 + 45/b).
2
Let g be 78/30 + (-4)/(-10). Suppose 4*y - 86 - 120 = 5*z, -5*z - 152 = -g*y. List the prime factors of y.
2, 3
Let c = -877 + 1312. What are the prime factors of c?
3, 5, 29
Let h(m) = -7*m - 4. Let c be h(-2). Let l = 39 + c. What are the prime factors of l?
7
Let d = -9 + 23. Suppose d = -3*i + 4*f, 0*i + 2 = -4*i + 2*f. Suppose 3*v - 4*c - 77 = -3*c, 5*c = i*v - 60. List the prime factors of v.
5
Let p be (-167)/(-5) + ((-24)/20)/(-2). Let q = -1 + p. List the prime factors of q.
3, 11
Suppose -545 = -5*f + 5*w, 0*w = 5*f + w - 521. Let k be (0 + 0)*(8 - 7). Suppose f = 3*r - k*r. What are the prime factors of r?
5, 7
Let m(n) = 11 - 8 - n**2 + 7 + 5 + 8*n. Let g be m(13). Let w = g - -73. List the prime factors of w.
23
Suppose -r + 7*r + 6 = 0. What are the prime factors of (7/14)/(1/70) - r?
2, 3
Let s(r) = r**2 - 15*r + 84. What are the prime factors of s(19)?
2, 5
Let x(w) be the third derivative of -w**2 + 0 - 7/24*w**4 - 1/6*w**3 + 0*w. What are the prime factors of x(-3)?
2, 5
Let v = -89 - -126. Let k = 76 - v. List the prime factors of k.
3, 13
List the prime factors of -14*(660/21)/(-10).
2, 11
Let j(m) = -20*m + 443. List the prime factors of j(-18).
11, 73
Suppose 5*w = -y + 3017, 2413 = 4*w - 3*y + 4*y. What are the prime factors of w?
2, 151
Let g = -736 - -1701. Suppose 4*j = 3*f + g, 4*j + 2*f = -0*j + 950. List the prime factors of j.
239
Let u be (130/15)/(-2 - 376/(-186)). Let o = u - 203. What are the prime factors of o?
2, 5
List the prime factors of 8/(-44) + (-28212)/(-44).
641
Suppose 4*p - 17496 = -3*v - 2*v, 4*p = 2*v - 6976. What are the prime factors of v?
2, 19, 23
Suppose -n - 8 = -3*n. What are the prime factors of 100/24 + n/(-24)?
2
Let b be (8 - -1)*(-1)/(-3). Let k = 20 - b. Let c = -4 + k. List the prime factors of c.
13
Suppose -h = -o - 83, h = -o - 23 - 50. Let q = 132 + o. What are the prime factors of q?
2, 3
Let i = 513 + -191. List the prime factors of i.
2, 7, 23
Suppose -5*q - 3*g + 2580 + 741 = 0, 2*g - 1992 = -3*q. What are the prime factors of q?
2, 3, 37
Let f(q) = q**3 + 11*q**2 - q + 3. Let l be 3*204/(-63) - 2/7. List the prime factors of f(l).
113
What are the prime factors of (-2 - 1112)/((8/(-1))/4)?
557
Let p be 28/(-6)*48/(-56). Suppose 3*q + 5 = p*q. Suppose -5*v + 0*v = -q*w + 160, 5*v - 29 = -2*w. What are the prime factors of w?
3
Let x be -8 + 10 - 2/(-2). Let a(m) = -m**x + 9*m**2 - 2 + 0*m**3 + 1 - 7*m. List the prime factors of a(7).
2, 3
Let x(a) = 72*a**2 - 42*a + 43. List the prime factors of x(7).
29, 113
Let o = 47 + 253. List the prime factors of o.
2, 3, 5
Let b(w) = 2*w. Let t be b(2). Let x be (-15 - t)*-1 + -3. Let o(u) = 3*u - 15. What are the prime factors of o(x)?
3, 11
Let y = 10 - 6. Suppose -3*r + r = u - 2, -3*u - y = -4*r. List the prime factors of -1*(-19)/1*r.
19
Let c(y) = 20*y + 2 - 2 + 87*y**3 - 19*y. List the prime factors of c(1).
2, 11
Suppose -8 = -4*u - 0*u. Suppose -2*b - 3*n = -9, -5*b + n + u*n = 9. Suppose 3*p - 4*p + 35 = b. List the prime factors of p.
5, 7
Suppose -52 - 12 = -4*n. List the prime factors of -2*(-2)/n + (-1855)/(-20).
3, 31
List the prime factors of 14*(-4)/5*65/(-26).
2, 7
Suppose c - y = y + 352, 3*y + 350 = c. What are the prime factors of c?
2, 89
Let v be (-1 - -12)*(1 - (-1)/1). Let t(r) = 7*r - 55. List the prime factors of t(v).
3, 11
Let w = 2336 + -859. What are the prime factors of w?
7, 211
Suppose 269*t = 273*t - 2404. What are the prime factors of t?
601
Suppose -63 = -4*t + 3*l, 0 = 2*l + 8 + 2. Let i = -8 + t. Suppose -i*n + 39 = -n - o, -5*o = -3*n + 39. List the prime factors of n.
13
Let z = -374 - -708. What are the prime factors of z?
2, 167
Let k(f) = f**2 - 4*f - 10. Let t be k(6). Suppose -t*w + w = -34. Let b = w - 8. List the prime factors of b.
2, 13
Let q(t) = t**3 - 13*t**2 + 14*t - 9. Let o be q(11). Let x = o + 136. What are the prime factors of x?
3, 13
Let z = -35 + 51. Let w = 7 - 4. Suppose -2*o - 42 = -2*g, o + z = w*g - 47. List the prime factors of g.
3, 7
Suppose 12 + 0 = 4*p. Let b be (-2 - 4) + p - -7. Suppose 49 = u + 5*q, -114 = 4*u - 7*u - b*q. What are the prime factors of u?
2, 17
Suppose 139*s = 138*s + 934. What are the prime factors of s?
2, 467
Suppose -4*i - 6 = -14. Suppose -3*o = -3*s - o + 93, 46 = i*s + 4*o. What are the prime factors of s?
29
Let u(j) = -4 - 7 - 4*j + 2. Suppose 3*s - 21 = -54. List the prime factors of u(s).
5, 7
Let t(w) = -266*w + 222. What are the prime factors of t(-8)?
2, 5, 47
Suppose -3*o - 2*x = x + 12, 10 = -3*o - 5*x. Let b(d) = -3*d + 3*d - 5*d - 6. What are the prime factors of b(o)?
19
Suppose 2010 = 7*b - 818. List the prime factors of b.
2, 101
Let y = -89 - -165. Suppose -y*n + 80*n = 344. List the prime factors of n.
2, 43
Suppose 0 = 13*h + 1168 + 379. Let n = 337 + h. List the prime factors of n.
2, 109
Suppose g + 4*m = -5 - 9, -2*g - 4*m - 12 = 0. Let p be (-9 + g)*2/1. Let y = 27 + p. What are the prime factors of y?
13
Suppose 0 = -15*g + 10*g + 10. What are the prime factors of (-2030)/(-40) + g/8?
3, 17
Let y(s) = -3*s + 132. Let q(b) = 4. Suppose -3*u + u + 12 = -5*h, u = 5*h + 16. Let n(z) = u*y(z) + 132*q(z). What are the prime factors of n(1)?
2, 3
Suppose -3*f - 5 = 2*b, -5*f = 3*b + 16 - 7. Suppose -2*r = -x + 46 + 43, 0 = -b*x + 5*r + 173. What are the prime factors of x?
3, 11
Let d(o) = 8*o**2 + 7*o + 16. Let u be d(5). Suppose -3*w = s - 62, 5*s - w = u + 123. What are the prime factors of s?
2, 37
Let o = 1092 - 776. List the prime factors of o.
2, 79
Let k(p) = 7*p + 4. Let c(j) = 7*j + 5. Let v(d) = -6*c(d) + 7*k(d). Suppose -69 = -35*y + 71. List the prime factors of v(y).
2, 13
Suppose 3*c - g = -16, -26 = 2*c + c + 4*g. Suppose 4*j = -l + 16, -30 = -3*l - 5*j + 11. Let k = c + l. What are the prime factors of k?
2, 3
Let f(n) = 34*n**2 + 5*n + 4. Suppose 4*m = -4*t - 24, -m - 6 = -t + 2*m. What are the prime factors of f(t)?
5, 59
Let s(z) = -2*z**3 - 10*z**2 - 5*z - 4. Let g be s(-4). List the prime factors of (g + 17 - 20/6)*-15.
5, 7
Let m(p) = 7*p**2 + 2*p**2 + 7*p + 13 - p**3 + 2*p**2 - 3*p**2. What are the prime factors of m(7)?
3, 37
Suppose 0 = -y - 4 + 1. Let a(u) = 8*u + 3. Let t be a(y). What are the prime factors of (-26)/(-7) - 6/t?
2
Let b be (7/3)/((-6)/(-144)). Let y be b/3 + (-2)/3. Suppose 0 = 3*r - 5*o - 26, 2*r + 3*o - y = -r. What are the prime factors of r?
7
Let o = -15 - -15. Suppose 5*r + 5*i - 5 = o, 4*r = r + 5*i - 5. Suppose r = -2*a - x + 43, -3*x - 10 = -x. List the prime factors of a.
2, 3
Let v(a) = a + 16. Let q be v(-9). Let r be (3 - 1)/(q/21). Let z = 23 - r. List the prime factors of z.
17
Let x(t) = 5*t**2 + 22*t + 15. List the prime factors of x(10).
3, 5, 7
Suppose -30*q + 79*q = 164101. What are the prime factors of q?
17, 197
Let d(c) = 13*c - 2. Let t be d(-2). Let f = -25 - t. Suppose 5*x = 3*u - 75, 49 = -0*u + 2*u - f*x. What are the prime factors of u?
2, 5
Let k = -41 - -6. Let s = k + 107. What are the prime factors of s?
2, 3
Suppose 0 = -50*v - 18*v + 24548. List the prime factors of v.
19
Suppose z + 5 = 4*h - 7, 2*h + 3*z + 8 = 0. Suppose 0 = -0*x - 2*x + h*i + 136, -2*x = -5*i - 124. What are the prime factors of x?
2, 3
Suppose -2*d = -6*d - 3*f - 62, -4*d - 4*f = 60. Let z = d + 22. Suppose 8*u = z*u + 27. List the prime factors of u.
3
Let z(w) = -w + 26. Let n be z(11). Let l = 73 - n. List the prime factors of l.
2, 29